105 = u. Calculate the greatest common divisor of d and 7.
7
Let x(p) = -410*p - 250. Let k be x(-5). What is the greatest common divisor of k and 120?
120
Let q(h) = 37*h**2 + 17*h + 18. Let y be q(3). Calculate the highest common factor of 6 and y.
6
Suppose a = y - 1 + 8, -a + 15 = -3*y. Suppose -r + 4 + 8 = 0. Calculate the greatest common divisor of a and r.
3
Suppose 4*c = 4*h - 23 + 83, -57 = -4*c + h. Suppose 4*g + 568 = 3*a + 2*a, 3*a + 5*g - 326 = 0. Calculate the greatest common divisor of a and c.
14
Suppose 3*g - 4 = -2*k - 2*k, -5*g - 4*k + 4 = 0. Suppose g*x = -2*x + 4*y + 6, 3*y - 13 = -2*x. What is the greatest common divisor of 5 and x?
5
Suppose -5*i + 90 = -60. Calculate the greatest common factor of 210 and i.
30
Let l be 4 + 5/((-10)/(-352)) + -1. Let s = -107 + l. Suppose 2*c + c - 24 = 0. Calculate the greatest common factor of s and c.
8
Let j(s) = -6*s - 20. Let k be j(-5). Let v(o) = o**3 + 9*o**2 + 7*o - 2. Let g be v(-6). Let a = -4 + g. What is the highest common divisor of k and a?
10
Let k(j) = 13*j. Let l = -1 + 2. Let y be k(l). Suppose -m - 2*g + 119 = 0, -24*m + 113 = -23*m - 4*g. What is the highest common divisor of m and y?
13
Let l = 5 + 5. Suppose -l = -3*n + 8*n. Let i(y) = 11*y**2 + 4*y. Let p be i(n). Calculate the greatest common divisor of 18 and p.
18
Let n = 714 - 679. What is the greatest common factor of 115 and n?
5
Suppose 21*k - 19*k - 114 = 0. Calculate the highest common factor of 152 and k.
19
Let j be (24/(-4))/(190/(-184) - -1). What is the greatest common factor of j and 8?
8
Suppose 5*f + 5*o = 1045, -3*f + 0*f + 627 = -3*o. What is the greatest common divisor of f and 38?
19
Suppose -4*f + 6 = 2*k, 0 = -5*f - k + 4 + 8. Suppose -f*r = 5*m - 90, 5*r - m - 3*m - 150 = 0. Calculate the greatest common divisor of 60 and r.
30
Suppose 4*o + 250 = 5*a, a - 3*o = 2*a - 69. What is the greatest common divisor of a and 216?
54
Let d be 119 - (22/(-33))/((-5)/15). What is the greatest common divisor of d and 52?
13
Let x be (14 + -12)/((-2)/(-6)). Let w(z) = -2*z + 14. Let k be w(x). What is the highest common divisor of 1 and k?
1
Let h(q) = q**2 - 5*q + 196. Let k be h(-12). Let u be 4/(2/20 - 0). Calculate the greatest common divisor of k and u.
40
Suppose -5*m + 7*m - 2 = 0, -18 = -2*n - 4*m. Let t = 11 - -38. What is the greatest common divisor of t and n?
7
Suppose -3*z + 343 = 5*j, 5*z - 5*j = 633 - 128. What is the highest common divisor of z and 2?
2
Suppose 655 = 33*i - 170. What is the greatest common divisor of 725 and i?
25
Let v = 157 + -136. Calculate the highest common factor of 56 and v.
7
Let q = -87 - -94. What is the greatest common factor of q and 133?
7
Suppose -v = -h + 10 + 5, h + 4*v - 40 = 0. Calculate the greatest common factor of 15 and h.
5
Let x = 123 + -75. Suppose 0 = q - 71 - 38. Suppose 0 = -5*o + q + 251. What is the highest common factor of o and x?
24
Suppose -z = 3*s - 10, 4*z + s = 6*s + 6. Suppose -z*m = -7*m. Suppose -26 = -m*k - 2*k. Calculate the greatest common divisor of 91 and k.
13
Let o(x) = -x**3 - 13*x**2 - 14*x - 16. Let k(t) = -3*t + 45. Let a be k(19). Let y be o(a). What is the highest common factor of 64 and y?
8
Suppose 2*r = 18*r - 1040. What is the greatest common factor of r and 10?
5
Let u = 93 - 49. What is the highest common factor of u and 12?
4
Suppose g - 4*g - 5*l = -414, 2*g - 2*l = 260. Calculate the greatest common divisor of g and 7.
7
Suppose 2*x = -23*x - 3*x + 924. Let u be 4/1 - (-1 - -3). Let l be (u - 2/2)*3. What is the highest common divisor of l and x?
3
Let a = 1680 + -1673. Let j be 189/(-6)*(-1 + -1). Calculate the highest common divisor of a and j.
7
Let k(z) = 6*z + 2. Let p be k(1). Let g(u) = p*u - 1 - 1 - 3 + 6. Let a be g(2). What is the greatest common factor of 51 and a?
17
Let x(u) = -u**2 - 10*u + 24. Let j be x(-11). Let g be (3/6 - 0)*10. Let i be 1/g - (-129)/5. Calculate the greatest common divisor of j and i.
13
Suppose 4*t - 693 = -173. Let a = t - 55. What is the greatest common divisor of a and 30?
15
Let h(l) = l**2 - 3*l - 10. Suppose 0 = -3*b + 8 - 2. Let y be 5*b/5 + 7. Let t be h(y). What is the highest common divisor of t and 11?
11
Let o be 0 + (-1 - 1) - -70. Let k be 9*(-3)/(-9) - 4. Let i be k + (0/(-1) - -18). What is the greatest common factor of o and i?
17
Let w be (-16 + 1)/(12/(-56)). Calculate the highest common factor of 28 and w.
14
Suppose 670*d = 665*d + 80. Calculate the highest common factor of 272 and d.
16
Let n be 5/((-210)/(-234)) + 6/14. Suppose 2*q - 86 + n = 0. Calculate the greatest common divisor of q and 20.
20
Suppose 24 = 6*u + 2*u. Suppose 0*p = u*p + k - 38, 0 = p - 5*k + 14. What is the greatest common factor of p and 22?
11
Let y = -15 - 3. Let a be 261*2/2 - y/(-9). Calculate the greatest common divisor of 37 and a.
37
Let d = -2322 + 2364. Calculate the highest common divisor of d and 98.
14
Let n(l) = -8*l + 35. Let u be n(-14). Calculate the greatest common divisor of u and 28.
7
Let i(t) = -t**2 - 21*t + 34. Let c be i(-22). What is the greatest common divisor of c and 4?
4
Let d(f) = 3*f - 13. Let l(p) = 9*p - 38. Let c(h) = -11*d(h) + 4*l(h). Let t be c(5). Calculate the highest common factor of 54 and t.
6
Let y = -237 - -239. What is the greatest common divisor of y and 6?
2
Suppose 0 = -3*a + 8*a - 80. Let s be ((-8)/a)/(1/(-20)). What is the greatest common factor of 40 and s?
10
Suppose -310 = 45*m - 55*m. Let u(b) = b**2 + 3*b + 3. Let j be u(4). What is the highest common divisor of j and m?
31
Let m be 2 + (-112)/(-4*1). Let s = -28 - -31. Calculate the greatest common divisor of s and m.
3
Suppose -50 = -3*k + 40. Let d be (-362)/(-18) - (-13)/(-117). Calculate the greatest common factor of k and d.
10
Suppose 0 = -3*x + 39 + 9. Let r(l) = -l**2 - l + 52. Let c be r(-11). Let w = 82 + c. Calculate the greatest common factor of w and x.
8
Let v = -188 + 415. Suppose 6*c = 2*n + 3*c - v, -5*n + c = -600. Calculate the greatest common factor of n and 11.
11
Let j = -222 - -392. Calculate the highest common divisor of 68 and j.
34
Let l(u) = -2*u - 6*u + 2*u. Let v be l(-2). What is the greatest common factor of v and 6?
6
Let v be ((23 - 1) + -2)/1. Let m = v - 22. Let p be (m/(-4))/(3/18). What is the greatest common divisor of p and 2?
1
Let t = 280 + -212. Calculate the greatest common divisor of t and 3.
1
Let p be (4/((-12)/117))/(9/(-12)). What is the highest common factor of p and 1300?
52
Suppose -u + 5 = 2. Suppose 3*m = -3*q + 6, u*m = 3*q + 23 - 5. Suppose 0 = f + m*f - 55. What is the greatest common divisor of 22 and f?
11
Suppose 0 = -4*u + 3*u + 41. What is the highest common divisor of 533 and u?
41
Let r be (-2 + (-2)/4)/((-2)/4). Suppose -2*d = d + r*i - 237, -4*d + 281 = -5*i. Calculate the highest common factor of d and 185.
37
Suppose 2*c - 3*m = 80, 3*c - m - 119 = 3*m. Suppose -279 = 5*a + 146. Let v = -48 - a. Calculate the greatest common divisor of v and c.
37
Let l(k) = k**2 + 18*k + 4. Let r be l(-18). Suppose r*s - 5*h = 16, -3*s + 4*h + 11 + 1 = 0. Calculate the greatest common factor of 16 and s.
4
Let r(f) = 37*f**2 + f. Let i be (-1)/((-5)/(-1) + -4). Let z be r(i). What is the greatest common factor of 48 and z?
12
Suppose -n = -4*j + 3, 0 = -4*j + 7*n - 3*n. Let f be -7*j*4/1. Let r = -24 - f. What is the highest common factor of r and 4?
4
Let l = 390 + -366. Let x = -45 - -105. Calculate the highest common divisor of l and x.
12
Let g be 177*(100/(-12) + 9). Calculate the greatest common divisor of 767 and g.
59
Suppose 25 = -5*f, 2*f = 7*x - 12*x + 140. Calculate the greatest common factor of x and 50.
10
Suppose 0*b = -3*b + 6. Let f be (2 - 0) + (b - -1). Let t be (-304)/190*25/(-4). Calculate the highest common factor of f and t.
5
Suppose 0 = -3*j - 3*l + 243, 5*l = 2*j + l - 174. Suppose 5*p - j = -b, 0*b + 122 = 2*b - p. Calculate the greatest common divisor of b and 18.
9
Suppose 60*u + 5872 = 35392. What is the greatest common divisor of 60 and u?
12
Let a = -165 - -319. Let m(u) = 22*u**2 - 42*u + 42. Let y be m(1). Calculate the greatest common divisor of y and a.
22
Suppose 48658 + 6026 = 98*v. What is the highest common divisor of v and 72?
18
Let d be (9/5 - 1)*35. Suppose -35*w + 40*w = 2